 k. What is the highest common factor of 13 and d?
13
Suppose 3 + 1 = 4*q. Let j = 10 - q. Let b = 48 + -39. Calculate the greatest common factor of j and b.
9
Let o(c) = -17*c - 9. Let z be o(-3). Calculate the highest common factor of 21 and z.
21
Let v(f) = f**2 - 5*f + 3. Let s be v(4). Let w be (s - -3)*(-1 + 2). Calculate the greatest common factor of 14 and w.
2
Suppose -6*r + 5*r + 4 = 0. Calculate the greatest common factor of 10 and r.
2
Suppose 3*r - 41 + 2 = -2*b, 3*b + 5*r = 60. Calculate the highest common factor of 105 and b.
15
Let j = -26 + 30. What is the highest common divisor of j and 4?
4
Suppose 4*h = i - 0*h - 45, -4 = h. What is the greatest common divisor of i and 58?
29
Suppose -i + a + 33 = 0, 0*i + i - 5*a = 29. Let g = i - -6. Calculate the highest common factor of 100 and g.
20
Suppose -x + 4 = 2, 4*s + 3*x - 398 = 0. What is the highest common factor of 28 and s?
14
Suppose -a - 2*a = 5*w - 14, 0 = -4*a - 3*w + 15. Suppose -a*d - 13 = -115. What is the highest common factor of 17 and d?
17
Suppose -11 + 1 = -5*q. Suppose 0 = 4*g + q*x - 86, 4*g = x + 70 + 19. Calculate the highest common divisor of g and 2.
2
Let s = -49 - -52. Calculate the highest common divisor of 2 and s.
1
Let j(o) = o**3 + 9*o**2 - 9*o + 8. Let f be j(-10). Let r be f*(45/(-6) + -4). Calculate the greatest common divisor of r and 253.
23
Suppose 2*r - 101 = -5*x - 0*x, 4*r - 2*x - 262 = 0. Let w = 6 - -3. What is the greatest common divisor of w and r?
9
Let s = -4 - -12. What is the highest common factor of s and 12?
4
Let q = -11 + 28. Suppose -l = -q + 1. What is the highest common divisor of l and 64?
16
Suppose -5*j = -r - 2*r - 50, 5*r = 0. Let p be (-14)/(-5)*j/4. Calculate the greatest common factor of p and 21.
7
Let u(h) = -h**3 + 5*h**2 - 2. Let t be u(3). Calculate the highest common factor of 2 and t.
2
Let t(z) = -z + 2. Let g be t(9). Let x = g + 30. Suppose -63 = -3*p - 3*j, 9*p + 4*j = 4*p + 107. Calculate the greatest common factor of x and p.
23
Suppose 0 = 3*y + 2*y. Let r(a) = a**3 + a + 6. Let k be r(y). What is the highest common divisor of k and 12?
6
Suppose 0 = -4*p + p + 18. What is the highest common divisor of p and 24?
6
Let v(g) = -g**3 - 13*g**2 - 16*g - 15. Let f be v(-12). Calculate the highest common divisor of 297 and f.
33
Let m = -5 + -1. Let b be (-8)/m + 4/6. What is the greatest common factor of b and 6?
2
Let o(v) = -v**3 + 6*v**2 + 7*v - 5. Let k be o(7). Let z = 0 - k. What is the highest common factor of z and 2?
1
Let x be (184/6 + 1)*3. Suppose 3*i + 3*b - 231 = 0, 0*i + x = i - 5*b. Calculate the greatest common divisor of 8 and i.
8
Let d be ((-32)/(-20))/((-2)/(-15)). Calculate the greatest common factor of d and 132.
12
Let r(k) = k**2 - 8*k + 10. Suppose -45 = -5*y - 5*j - 0*j, -23 = -3*y - j. Let d be r(y). What is the highest common divisor of 33 and d?
3
Suppose 5*q = -b + 502 - 127, -5 = -b. Let f be 20/15*(-477)/(-12). Let a = q - f. Calculate the highest common divisor of 7 and a.
7
Let j = -28 + 78. What is the highest common factor of j and 25?
25
Let q(u) = 3*u**3 + u - 2. Let o be q(2). Suppose 3*f - 2*p + 6*p = 124, 2*f + 4*p - 88 = 0. What is the greatest common factor of f and o?
12
Suppose 0 = 3*y - 3*l - 51, 0 = -3*y + 5*l - l + 46. Suppose d - 9 = y. Calculate the greatest common divisor of 341 and d.
31
Suppose y - 3*c = -y + 47, 67 = 3*y - c. Suppose 3*p - y - 11 = 0. Let w(l) = -12*l - 6. Let v be w(-6). Calculate the greatest common factor of p and v.
11
Suppose 4*k + 43 = 203. Suppose 27 + 37 = 4*r. Calculate the highest common factor of k and r.
8
Let m(h) = -7*h**3 - 4*h**2 - 7*h - 4. Let d be m(-2). Calculate the highest common divisor of d and 10.
10
Let t(d) = -5 - 4 + d**2 + 2 - 4*d. Let f be t(8). What is the greatest common factor of f and 10?
5
Suppose -118 = -3*i + 4*b, -2*i = -0*i - 4*b - 72. Let s = 72 - 49. What is the highest common divisor of i and s?
23
Let s(p) = -2*p**3 + 4*p + 4. Suppose 3*u - 13 = 2*a, a - 4*u = 4*a - 6. Let n be s(a). Calculate the greatest common divisor of n and 30.
6
Suppose -3*c = -7*c - 4*z + 116, -2*c + 3*z + 53 = 0. What is the highest common factor of 14 and c?
14
Let j = -38 - -54. Let l(n) = -7*n + 146. Let u be l(14). Calculate the highest common divisor of u and j.
16
Let q = 83 - -25. What is the highest common factor of q and 24?
12
Suppose -n - 220 = -12*n. Let b be (1 - -1) + 3 + -1. What is the greatest common factor of n and b?
4
Suppose z - 4*z + 3*y + 6 = 0, -5*y + 5 = 0. Suppose 2*o = p, -5*o + 5*p - z*p = -1. What is the highest common factor of o and 1?
1
Let r(m) = -3 - 5 - 8*m**2 - 3*m - m**3 + 2. Let w be r(-8). Calculate the greatest common divisor of 18 and w.
18
Let b(r) = 3*r - 20. Let t be b(9). Calculate the highest common factor of 77 and t.
7
Let k be ((-2)/(-3))/((-4)/(-30)). Let c = -6 + 46. Suppose -b = -k*j - c, -4*j + 108 = 2*b - 28. Calculate the greatest common factor of 12 and b.
12
Suppose 0 = -4*q - 0*q + 1908. Let c be 5*(-3 - q/(-15)). Suppose 3*k + 0*k = c. Calculate the greatest common divisor of k and 6.
6
Let b(t) = t**2 - 4. Let d be b(3). Suppose d*i = 3*y - 5, 0*y - 4*y + 60 = 4*i. Calculate the highest common factor of 4 and y.
2
Let k be (-4)/(-5) - (-81)/5. Calculate the greatest common divisor of k and 51.
17
Let c = -21 - -12. Let b(h) = -h**3 + 2*h**2 + 2*h + 3. Let p be b(-2). Let q = c + p. Calculate the highest common divisor of 3 and q.
3
Suppose 10 = 5*d - 0. Calculate the greatest common divisor of d and 4.
2
Let q(h) = -h**2 - 11*h + 44. Let m be q(-13). Calculate the highest common factor of 198 and m.
18
Suppose -5*w - 24 = -8*w. Calculate the greatest common factor of 88 and w.
8
Let f be -1 + 1 + 120 + 0. Let n(t) = -t + 1. Let u be n(-3). Suppose 2*m - 21 = 5*i - 6*i, 3*i - 33 = u*m. Calculate the greatest common divisor of i and f.
15
Let h(i) = 8 - i + 0 + 0. Let w be h(0). Suppose 29 + 3 = 2*k. What is the greatest common divisor of w and k?
8
Let x be ((-2)/(-1))/(2/70). Let q = -7 - -20. Let j = 27 - q. Calculate the highest common factor of x and j.
14
Let r(m) = 56*m**2 - m - 1. Let q be r(-1). Let a(z) = -z. Let k be a(2). Let y = k + 10. Calculate the greatest common divisor of q and y.
8
Let d be ((-18)/(-8))/(9/48). Let f = 1 + d. Let q be (-3)/15 + 783/15. Calculate the greatest common divisor of f and q.
13
Suppose 0 = 6*x - 2*x - 36. Let p = -7 - -9. Suppose -3*z = p*z - 15. What is the greatest common factor of z and x?
3
Let v be (-2)/(2*4/(-92)*1). What is the greatest common factor of 23 and v?
23
Suppose -5*n - 1 = -26. What is the highest common divisor of 95 and n?
5
Let f be 1/(-2)*(-56 - -20). Calculate the greatest common divisor of 27 and f.
9
Let u(o) = o**2 - 5*o + 5. Let r be u(-5). Calculate the highest common divisor of 5 and r.
5
Suppose -4*p + 2*p = -k + 37, 2*p + 103 = 3*k. What is the highest common divisor of 22 and k?
11
Let g = 39 - 25. Suppose 3*y + y - 4*c = 48, 34 = 3*y - c. Suppose -24 - y = -m. What is the highest common divisor of m and g?
7
Let w be 11/2*102/17. What is the highest common divisor of 11 and w?
11
Let y(p) = p + 10. Let d be y(-6). Let h be ((d - 1) + -4)/(-1). Suppose 4*f + q - 29 = 0, f - 6 = q - 0. What is the greatest common divisor of h and f?
1
Suppose -60 = -2*u + 4*t, t - 3*t = 2*u - 30. What is the greatest common divisor of 4 and u?
4
Let j(z) = z**3 - 3*z**2 - 5*z + 4. Let a be j(4). Suppose k = 13 - a. What is the highest common factor of 39 and k?
13
Let s = -1 - -7. Suppose -4*c - o = -4, c - 2*o = -s*o - 14. Suppose 5*a + 2*f = -0*f + 215, -c*a = -3*f - 105. Calculate the highest common factor of a and 30.
15
Let f = 653 - 391. Suppose 0 = -5*k - 4*w - 30 + 1436, 4*w + f = k. Suppose -4*y + k = 14. Calculate the greatest common divisor of 22 and y.
22
Suppose -4*b + 1 = i, 4*i = -2*b - 0 + 18. Suppose 3*w - 2*w + 1198 = 5*c, c - i*w - 230 = 0. What is the highest common divisor of c and 30?
30
Suppose -2*m + 72 = -2*b, -6 = -2*b + 4*b. Calculate the greatest common factor of m and 66.
33
Let d = -6 + 4. Let v be d*(-3 - 6/(-3)). Suppose g = -v*g + 231. Calculate the highest common factor of 11 and g.
11
Let n = -17 - -29. Let b be (-172)/(-22) + 4/22. Calculate the greatest common fac